site number?
True
Is 53894 prime?
False
Is 9487 a composite number?
True
Is 344543 composite?
False
Is 44953 a prime number?
True
Is 4777 composite?
True
Is 383027 prime?
False
Is 1889 prime?
True
Is 195967 prime?
True
Is 175837 composite?
False
Is 336883 a prime number?
False
Is 4121 prime?
False
Is 10259 prime?
True
Is 1151 composite?
False
Is 61867 a prime number?
False
Is 3793 a prime number?
True
Is 119099 prime?
True
Is 1219 a composite number?
True
Is 15173 a prime number?
True
Is 387763 a composite number?
False
Is 68617 a composite number?
True
Is 6127 a composite number?
True
Is 770869 composite?
True
Is 175601 a prime number?
True
Is 63241 a composite number?
False
Is 4513 a prime number?
True
Is 28459 a composite number?
True
Is 7985 prime?
False
Is 553 prime?
False
Is 209 prime?
False
Is 95905 composite?
True
Is 89511 composite?
True
Is 157129 prime?
False
Is 11159 composite?
False
Is 35 a composite number?
True
Is 168253 composite?
False
Is 3247 a composite number?
True
Is 44413 a composite number?
True
Is 127787 composite?
True
Is 6007 composite?
False
Is 26237 a composite number?
False
Is 13259 a prime number?
True
Is 40297 composite?
True
Is 188911 a composite number?
False
Is 1633 a prime number?
False
Is 2785 prime?
False
Is 39113 composite?
False
Is 184763 a composite number?
True
Is 167929 composite?
True
Is 5357 prime?
False
Is 56033 composite?
True
Is 18041 a prime number?
True
Is 39205 composite?
True
Is 233371 prime?
True
Is 375967 a composite number?
False
Is 17861 composite?
True
Is 357223 a prime number?
False
Is 67109 a composite number?
True
Is 79327 prime?
False
Is 1463443 composite?
True
Is 826867 a composite number?
False
Is 2788199 composite?
False
Is 3103 a composite number?
True
Is 13751 composite?
False
Is 17603 prime?
False
Is 13001 composite?
False
Is 33251 prime?
False
Is 1425391 a composite number?
True
Is 12911 a prime number?
True
Is 1657 composite?
False
Is 34313 composite?
False
Is 22874 a composite number?
True
Is 10687 composite?
False
Is 397 a prime number?
True
Is 288877 prime?
True
Is 16273 a prime number?
True
Is 8509 a composite number?
True
Is 80611 a composite number?
False
Is 198017 a composite number?
False
Is 27673 prime?
True
Is 248647 composite?
True
Is 15229 prime?
False
Is 65733 a composite number?
True
Is 16439 composite?
True
Is 39965 prime?
False
Is 587087 a composite number?
False
Is 34637 composite?
True
Is 529343 prime?
True
Is 186551 composite?
False
Is 7111 a prime number?
False
Is 251917 composite?
False
Is 128237 composite?
False
Is 151201 a composite number?
False
Is 356803 a prime number?
True
Is 412771 composite?
False
Is 354845 composite?
True
Is 132247 composite?
False
Is 870523 prime?
False
Is 781 a prime number?
False
Is 33191 a prime number?
True
Is 1255 a composite number?
True
Is 218261 a prime number?
False
Is 1275509 prime?
False
Is 136195 a composite number?
True
Is 26303 a composite number?
True
Is 104281 a composite number?
False
Is 16183 prime?
True
Is 161869 composite?
False
Is 607199 a prime number?
True
Is 149 composite?
False
Is 75139 a prime number?
False
Is 356243 prime?
True
Is 821 prime?
True
Is 3163 a prime number?
True
Is 182753 prime?
False
Is 105661 a prime number?
False
Is 95999 a composite number?
True
Is 752365 prime?
False
Is 7431 prime?
False
Is 10111 prime?
True
Is 27539 a prime number?
True
Is 391739 composite?
False
Is 6353 prime?
True
Is 228337 a prime number?
True
Is 11467 a prime number?
True
Is 43177 composite?
False
Is 1311263 a composite number?
False
Is 15719 a prime number?
False
Is 4283 composite?
False
Is 194617 prime?
False
Is 3386 composite?
True
Is 101767 a composite number?
True
Is 216451 a prime number?
True
Is 31139 prime?
True
Is 253 a prime number?
False
Is 24571 a composite number?
False
Is 1459963 composite?
False
Is 90863 prime?
True
Is 489179 prime?
True
Is 897191 a composite number?
False
Is 21477 composite?
True
Is 5407 composite?
False
Is 8861 a composite number?
False
Is 34679 composite?
False
Is 11281 composite?
True
Is 12449 a composite number?
True
Is 56731 composite?
False
Is 128969 a prime number?
True
Is 389121 prime?
False
Is 7627 prime?
False
Is 293933 composite?
True
Is 6119 composite?
True
Is 2153 a prime number?
True
Is 257731 a composite number?
False
Is 56611 a composite number?
False
Is 2819 a prime number?
True
Is 5539 a prime number?
False
Is 8510045 composite?
True
Is 118273 composite?
False
Is 3979 a composite number?
True
Is 11027 composite?
False
Is 675085 prime?
False
Is 15253 a composite number?
True
Is 9865 a prime number?
False
Is 22783 a composite number?
False
Is 12049 a prime number?
True
Is 94529 prime?
True
Is 18451 a composite number?
False
Is 37607 composite?
False
Is 6139 composite?
True
Is 463 composite?
False
Is 2341567 a composite number?
False
Is 64553 prime?
True
Is 6005 composite?
True
Is 2599 prime?
False
Is 1067 a composite number?
True
Is 234562 a prime number?
False
Is 141241 a prime number?
True
Is 132619 prime?
True
Is 2479 composite?
True
Is 6387 composite?
True
Is 99095 a prime number?
False
Is 98639 a prime number?
True
Is 4267 prime?
False
Is 5191 prime?
False
Is 21859 a composite number?
False
Is 339211 a prime number?
True
Is 25523 a prime number?
True
Is 10729 prime?
True
Is 480449 a prime number?
True
Is 641 a prime number?
True
Is 36247 a composite number?
True
Is 52729 a composite number?
True
Is 15727 composite?
False
Is 105753 a prime number?
False
Is 521 a composite number?
False
Is 5519 a prime number?
True
Is 42729 a prime number?
False
Is 257 composite?
False
Is 20351 composite?
True
Is 5979 prime?
False
Is 92159 a prime number?
False
Is 88973 a composite number?
True
Is 445261 a prime number?
True
Is 3643 a composite number?
False
Is 62911 composite?
True
Is 224918 a prime number?
False
Is 58477 a prime number?
True
Is 54907 prime?
True
Is 229033 prime?
False
Is 2584607 a composite number?
False
Is 253039 prime?
False
Is 1315721 composite?
True
Is 185491 a prime number?
True
Is 8069 composite?
False
Is 3359 a composite number?
False
Is 67493 a composite number?
False
Is 124741 composite?
True
Is 4282 a prime number?
False
Is 2539 composite?
False
Is 8977 a prime number?
False
Is 160933 a composite number?
False
Is 14143 a composite number?
False
Is 175577 a composite number?
True
Is 18737 a prime number?
False
Is 462529 a prime number?
True
Is 27883 a prime number?
True
Is 791081 a composite number?
False
Is 4559 a prime number?
False
Is 129841 prime?
True
Is 22637 composite?
False
Is 1931 a composite number?
False
Is 3511 a prime number?
True
Is 152741 prime?
False
Is 301447 a prime number?
True
Is 703729 prime?
False
Is 123161 a composite number?
True
Is 34477 a prime number?
False
Is 45755 composite?
True
Is 410287 prime?
False
Is 5287 a composite number?
True
Is 2005229 prime?
True
Is 913 composite?
True
Is 18365 composite?
True
Is 144047 a composite number?
True
Is 9677 a prime number?
True
Is 7291 a composite number?
True
Is 13159 a composite number?
False
Is 15014 composite?
True
Is 49451 prime?
True
Is 25793 a composite number?
False
Is 478 prime?
False
Is 25453 prime?
True
Is 43627 prime?
True
Is 24901 a prime number?
False
Is 1921585 a prime number?
False
Is 10483 composite?
True
Is 4703 prime?
True
Is 10007 composite?
False
Is 164569 a composite number?
False
Is 42817 a prime number?
False
Is 16123 a composite number?
True
Is 255239 a prime number?
True
Is 146821 composite?
True
Is 42235 composite?
True
Is 169607 prime?
True
Is 5033 a composite number?
True
Is 24761 a composite number?
True
Is 4671577 a prime number?
False
Is 134893 a composite number?
True
Is 47933 a prime number?
True
Is 7069 a composite number?
False
Is 11981 composite?
False
Is 37781 composite?
False
Is 4151 prime?
False
Is 5623 composite?
False
Is 48971 a composite number?
True
Is 398579 prime?
False
Is 12247 prime?
False
Is 651587 prime?
True
Is 149371 a prime number?
True
Is 187273 a prime number?
True
Is 640957 a prime number?
True
Is 50837 composite?
True
Is 15147667 a prime number?
True
Is 61385 a composite number?
True
Is 143357 prime?
True
Is 211749 a prime number?
False
Is 28327 a prime number?
False
Is 99427 a prime number?
False
Is 73691 a composite number